{"id":50,"date":"2019-04-09T15:07:24","date_gmt":"2019-04-09T15:07:24","guid":{"rendered":"http:\/\/2hands4you.de\/?page_id=50"},"modified":"2019-04-26T09:36:26","modified_gmt":"2019-04-26T09:36:26","slug":"kosmetik","status":"publish","type":"page","link":"https:\/\/2hands4you.de\/?page_id=50","title":{"rendered":"Kosmetik"},"content":{"rendered":"\n<p style=\"text-align:center\">Ich bin selbstst\u00e4ndige Mary Kay Sch\u00f6nheitsberaterin. Der Name Mary Kay \u00ae steht seit \u00fcber 45 Jahren f\u00fcr Qualit\u00e4t im Bereich Make-up und Gesichtspflege. Sie erhalten somit ein Sch\u00f6nheitsprogramm, das Ihren Bed\u00fcrfnissen angepasst ist: von hochwirksamer Gesichtspflege mit Inhaltsstoffen gegen vorzeitiges Altern bis hin zu modischem Make-up und K\u00f6rperpflege, die Sie verw\u00f6hnt und Ihre Haut sch\u00fctzt.<\/p>\n\n\n\n<p style=\"text-align:center\">G\u00f6nnen Sie sich neben der richtigen Hautpflege doch auch das passende Make-Up dazu !<\/p>\n\n\n\n<p style=\"text-align:center\">Als selbstst\u00e4ndige Mary Kay Sch\u00f6nheitsberaterin verwende ich die hochwertigen Make up und Pflegeprodukte der Firma Mary Kay (R). Der Name Mary Kay \u00ae steht seit \u00fcber 45 Jahren f\u00fcr Qualit\u00e4t im Bereich Make-up und Gesichtspflege. Sie erhalten somit ein Sch\u00f6nheitsprogramm, das Ihren Bed\u00fcrfnissen angepasst ist: von hochwirksamer Gesichtspflege mit Inhaltsstoffen gegen vorzeitiges Altern bis hin zu modischem Make-up und K\u00f6rperpflege, die Sie verw\u00f6hnt und Ihre Haut sch\u00fctzt.<\/p>\n\n\n\n<p style=\"text-align:center\">Meine Angebote f\u00fcr Sie:<\/p>\n\n\n\n<p style=\"text-align:center\">Mary Kay Cosmetics (R): hochwertige Kosmetika f\u00fcr Sie und Ihn, Spezialhautpflege, Damen und Herrend\u00fcfte, Make &#8211; up zu jedem Anlass \/ Braut Make up<\/p>\n\n\n\n<div class=\"wp-block-image\"><figure class=\"aligncenter\"><img decoding=\"async\" loading=\"lazy\" width=\"300\" height=\"200\" src=\"http:\/\/2hands4you.de\/wp-content\/uploads\/2019\/04\/image386.jpg\" alt=\"\" class=\"wp-image-94\"\/><\/figure><\/div>\n","protected":false},"excerpt":{"rendered":"<p>Ich bin selbstst\u00e4ndige Mary Kay Sch\u00f6nheitsberaterin. Der Name Mary Kay \u00ae steht seit \u00fcber 45 Jahren f\u00fcr Qualit\u00e4t im Bereich Make-up und Gesichtspflege. Sie erhalten somit ein Sch\u00f6nheitsprogramm, das Ihren Bed\u00fcrfnissen angepasst ist: von hochwirksamer Gesichtspflege mit Inhaltsstoffen gegen vorzeitiges Altern bis hin zu modischem Make-up und K\u00f6rperpflege, die Sie verw\u00f6hnt und Ihre Haut sch\u00fctzt.&#8230;<\/p>\n<p class=\"more-link\"><a href=\"https:\/\/2hands4you.de\/?page_id=50\"><span>Read More<\/span><i>&#43;<\/i><\/a><\/p>\n","protected":false},"author":1,"featured_media":0,"parent":0,"menu_order":0,"comment_status":"closed","ping_status":"closed","template":"","meta":[],"_links":{"self":[{"href":"https:\/\/2hands4you.de\/index.php?rest_route=\/wp\/v2\/pages\/50"}],"collection":[{"href":"https:\/\/2hands4you.de\/index.php?rest_route=\/wp\/v2\/pages"}],"about":[{"href":"https:\/\/2hands4you.de\/index.php?rest_route=\/wp\/v2\/types\/page"}],"author":[{"embeddable":true,"href":"https:\/\/2hands4you.de\/index.php?rest_route=\/wp\/v2\/users\/1"}],"replies":[{"embeddable":true,"href":"https:\/\/2hands4you.de\/index.php?rest_route=%2Fwp%2Fv2%2Fcomments&post=50"}],"version-history":[{"count":5,"href":"https:\/\/2hands4you.de\/index.php?rest_route=\/wp\/v2\/pages\/50\/revisions"}],"predecessor-version":[{"id":124,"href":"https:\/\/2hands4you.de\/index.php?rest_route=\/wp\/v2\/pages\/50\/revisions\/124"}],"wp:attachment":[{"href":"https:\/\/2hands4you.de\/index.php?rest_route=%2Fwp%2Fv2%2Fmedia&parent=50"}],"curies":[{"name":"wp","href":"https:\/\/api.w.org\/{rel}","templated":true}]}}