{"id":48,"date":"2019-04-09T15:07:23","date_gmt":"2019-04-09T15:07:23","guid":{"rendered":"http:\/\/2hands4you.de\/?page_id=48"},"modified":"2019-04-26T09:32:49","modified_gmt":"2019-04-26T09:32:49","slug":"fusspflege","status":"publish","type":"page","link":"https:\/\/2hands4you.de\/?page_id=48","title":{"rendered":"Fu\u00dfpflege"},"content":{"rendered":"\n<p style=\"text-align:center\">Insbesondere im Alter oder wenn die F\u00fc\u00dfe im Beruf stark beansprucht werden, brauchen Sie besondere Aufmerksamkeit und Pflege. Gerne entwickle ich mit Ihnen zusammen Ihr individuelles Fu\u00dfpflegeprogramm f\u00fcr zarte und samtweiche F\u00fc\u00dfe.<\/p>\n\n\n\n<p style=\"text-align:center\">Insbesondere im Alter oder wenn die F\u00fc\u00df\u009fe im Beruf stark beansprucht werden, brauchen Sie besondere Aufmerksamkeit und Pflege. Schlie\u00dflich tragen sie uns das ganze Leben lang \u00fcberall hin!  <br> Auch wenn Sie Probleme haben bekommen wir sie mit regelm\u00e4\u00dfiger Pflege wieder in den Griff. Gerne entwickle ich mit Ihnen zusammen Ihr individuelles Fu\u00df\u009fpflegeprogramm f\u00fcr zarte, samtweiche umd schmerzfreie F\u00fc\u00dfe.<br><br> Meine Angebote f\u00fcr ihre F\u00fc\u00dfe:<\/p>\n\n\n\n<p style=\"text-align:center\">Fu\u00dfbad, Peeling, Fu\u00dfmassage \/ Fu\u00dfreflexzonenmassage, spezielle Hautpflege, Nagel und Hornhautbearbeitung<\/p>\n\n\n\n<div class=\"wp-block-image\"><figure class=\"aligncenter\"><img decoding=\"async\" loading=\"lazy\" width=\"294\" height=\"192\" src=\"http:\/\/2hands4you.de\/wp-content\/uploads\/2019\/04\/image382.jpg\" alt=\"\" class=\"wp-image-25\"\/><\/figure><\/div>\n","protected":false},"excerpt":{"rendered":"<p>Insbesondere im Alter oder wenn die F\u00fc\u00dfe im Beruf stark beansprucht werden, brauchen Sie besondere Aufmerksamkeit und Pflege. Gerne entwickle ich mit Ihnen zusammen Ihr individuelles Fu\u00dfpflegeprogramm f\u00fcr zarte und samtweiche F\u00fc\u00dfe. Insbesondere im Alter oder wenn die F\u00fc\u00df\u009fe im Beruf stark beansprucht werden, brauchen Sie besondere Aufmerksamkeit und Pflege. Schlie\u00dflich tragen sie uns das&#8230;<\/p>\n<p class=\"more-link\"><a href=\"https:\/\/2hands4you.de\/?page_id=48\"><span>Read More<\/span><i>&#43;<\/i><\/a><\/p>\n","protected":false},"author":1,"featured_media":0,"parent":0,"menu_order":0,"comment_status":"closed","ping_status":"closed","template":"","meta":[],"_links":{"self":[{"href":"https:\/\/2hands4you.de\/index.php?rest_route=\/wp\/v2\/pages\/48"}],"collection":[{"href":"https:\/\/2hands4you.de\/index.php?rest_route=\/wp\/v2\/pages"}],"about":[{"href":"https:\/\/2hands4you.de\/index.php?rest_route=\/wp\/v2\/types\/page"}],"author":[{"embeddable":true,"href":"https:\/\/2hands4you.de\/index.php?rest_route=\/wp\/v2\/users\/1"}],"replies":[{"embeddable":true,"href":"https:\/\/2hands4you.de\/index.php?rest_route=%2Fwp%2Fv2%2Fcomments&post=48"}],"version-history":[{"count":4,"href":"https:\/\/2hands4you.de\/index.php?rest_route=\/wp\/v2\/pages\/48\/revisions"}],"predecessor-version":[{"id":121,"href":"https:\/\/2hands4you.de\/index.php?rest_route=\/wp\/v2\/pages\/48\/revisions\/121"}],"wp:attachment":[{"href":"https:\/\/2hands4you.de\/index.php?rest_route=%2Fwp%2Fv2%2Fmedia&parent=48"}],"curies":[{"name":"wp","href":"https:\/\/api.w.org\/{rel}","templated":true}]}}